ds digit of 57481?
7
What is the units digit of 862?
2
What is the hundreds digit of 1006?
0
What is the hundreds digit of 2416?
4
What is the hundreds digit of 49844?
8
What is the hundreds digit of 75525?
5
What is the hundreds digit of 11433?
4
What is the thousands digit of 7955?
7
What is the tens digit of 4469?
6
What is the thousands digit of 4896?
4
What is the thousands digit of 23623?
3
What is the tens digit of 60118?
1
What is the tens digit of 2366?
6
What is the ten thousands digit of 55150?
5
What is the units digit of 1287?
7
What is the thousands digit of 2171?
2
What is the hundreds digit of 79445?
4
What is the units digit of 1239?
9
What is the ten thousands digit of 19053?
1
What is the tens digit of 493?
9
What is the tens digit of 1074?
7
What is the tens digit of 16808?
0
What is the hundreds digit of 7953?
9
What is the thousands digit of 27012?
7
What is the hundreds digit of 6489?
4
What is the tens digit of 37037?
3
What is the thousands digit of 1980?
1
What is the thousands digit of 32012?
2
What is the ten thousands digit of 12424?
1
What is the hundreds digit of 30437?
4
What is the hundreds digit of 9180?
1
What is the thousands digit of 31522?
1
What is the units digit of 18698?
8
What is the tens digit of 96999?
9
What is the units digit of 2934?
4
What is the hundreds digit of 6726?
7
What is the units digit of 73483?
3
What is the hundreds digit of 629?
6
What is the units digit of 4830?
0
What is the tens digit of 3872?
7
What is the tens digit of 3542?
4
What is the hundreds digit of 15611?
6
What is the hundreds digit of 562?
5
What is the hundreds digit of 5054?
0
What is the units digit of 6912?
2
What is the hundreds digit of 876?
8
What is the tens digit of 521?
2
What is the tens digit of 5387?
8
What is the tens digit of 3775?
7
What is the hundreds digit of 7378?
3
What is the tens digit of 161964?
6
What is the hundreds digit of 1215?
2
What is the units digit of 1489?
9
What is the units digit of 9321?
1
What is the units digit of 2437?
7
What is the units digit of 412?
2
What is the units digit of 2013?
3
What is the tens digit of 85434?
3
What is the units digit of 1112?
2
What is the hundreds digit of 1568?
5
What is the tens digit of 946?
4
What is the thousands digit of 10863?
0
What is the tens digit of 10310?
1
What is the units digit of 733?
3
What is the ten thousands digit of 27336?
2
What is the units digit of 15484?
4
What is the units digit of 7128?
8
What is the tens digit of 96516?
1
What is the units digit of 355?
5
What is the hundreds digit of 2162?
1
What is the thousands digit of 12862?
2
What is the hundreds digit of 1233?
2
What is the thousands digit of 3103?
3
What is the hundred thousands digit of 173313?
1
What is the thousands digit of 1697?
1
What is the tens digit of 1257?
5
What is the hundred thousands digit of 107047?
1
What is the thousands digit of 61175?
1
What is the tens digit of 13574?
7
What is the thousands digit of 19065?
9
What is the tens digit of 8475?
7
What is the units digit of 724?
4
What is the hundreds digit of 13102?
1
What is the ten thousands digit of 88607?
8
What is the hundreds digit of 15071?
0
What is the thousands digit of 3998?
3
What is the thousands digit of 12623?
2
What is the tens digit of 41149?
4
What is the thousands digit of 13455?
3
What is the tens digit of 2774?
7
What is the tens digit of 3100?
0
What is the tens digit of 37832?
3
What is the units digit of 60584?
4
What is the tens digit of 1657?
5
What is the hundreds digit of 2576?
5
What is the units digit of 13?
3
What is the units digit of 8099?
9
What is the hundreds digit of 5043?
0
What is the tens digit of 6300?
0
What is the tens digit of 28606?
0
What is the thousands digit of 5316?
5
What is the tens digit of 4634?
3
What is the hundreds digit of 5687?
6
What is the tens digit of 397?
9
What is the hundreds digit of 2384?
3
What is the tens digit of 541?
4
What is the thousands digit of 1859?
1
What is the ten thousands digit of 141510?
4
What is the thousands digit of 11579?
1
What is the thousands digit of 8825?
8
What is the thousands digit of 7587?
7
What is the units digit of 861?
1
What is the units digit of 34609?
9
What is the thousands digit of 65912?
5
What is the units digit of 2495?
5
What is the hundreds digit of 11626?
6
What is the tens digit of 48?
4
What is the thousands digit of 32051?
2
What is the hundreds digit of 21233?
2
What is the thousands digit of 2856?
2
What is the tens digit of 8013?
1
What is the thousands digit of 34060?
4
What is the thousands digit of 58938?
8
What is the units digit of 2466?
6
What is the hundreds digit of 108252?
2
What is the hundreds digit of 3978?
9
What is the hundreds digit of 80687?
6
What is the hundreds digit of 952?
9
What is the units digit of 39735?
5
What is the ten thousands digit of 55675?
5
What is the thousands digit of 9406?
9
What is the tens digit of 1968?
6
What is the tens digit of 1078?
7
What is the units digit of 31503?
3
What is the thousands digit of 9137?
9
What is the tens digit of 4499?
9
What is the ten thousands digit of 32887?
3
What is the hundreds digit of 395?
3
What is the tens digit of 193?
9
What is the hundreds digit of 5742?
7
What is the hundreds digit of 155?
1
What is the thousands digit of 9400?
9
What is the units digit of 53578?
8
What is the ten thousands digit of 62445?
6
What is the units digit of 1351?
1
What is the tens digit of 1600?
0
What is the hundreds digit of 17381?
3
What is the thousands digit of 36813?
6
What is the tens digit of 1481?
8
What is the tens digit of 59305?
0
What is the thousands digit of 29645?
9
What is the thousands digit of 2297?
2
What is the tens digit of 3472?
7
What is the thousands digit of 2180?
2
What is the hundreds digit of 715?
7
What is the units digit of 42899?
9
What is the tens digit of 20852?
5
What is the thousands digit of 3320?
3
What is the tens digit of 4040?
4
What is the thousands digit of 40955?
0
What is the thousands digit of 19119?
9
What is the hundreds digit of 119?
1
What is the units digit of 787?
7
What is the units digit of 982?
2
What is the units digit of 3830?
0
What is the thousands digit of 55322?
5
What is the ten thousands digit of 23527?
2
What is the ten thousands digit of 65546?
6
What is the units digit of 5600?
0
What is the units digit of 1195?
5
What is the units digit of 513?
3
What is the thousands digit of 18199?
8
What is the units digit of 4754?
4
What is the tens digit of 2553?
5
What is the tens digit of 95351?
5
What is the units digit of 5339?
9
What is the hundreds digit of 214?
2
What is the thousands digit of 3492?
3
What is the units digit of 87?
7
What is the units digit of 79704?
4
What is the ten thousands digit of 28707?
2
What is the hundreds digit of 123269?
2
What is the thousands digit of 11252?
1
What is the tens digit of 957?
5
What is the units digit of 6485?
5
What is the tens digit of 396?
9
What is the tens digit of 3524?
2
What is the tens digit of 35849?
4
What is the hundreds digit of 18515?
5
What is the hundreds digit of 27971?
9
What is the thousands digit of 2328?
2
What is the units digit of 16759?
9
What is the units digit of 36898?
8
What is the hundreds digit of 371?
3
What is the units digit of 8409?
9
What is the units digit of 12966?
6
What is the hundreds digit of 9255?
2
What is the tens digit of 7798?
9
What is the units digit of 1154?
4
What is the units digit of 1212?
2
What is the units digit of 16700?
0
What is the units digit of 34707?
7
What is the hundreds digit of 367?
3
What is the ten thousands digit of 14647?
1
What is the thousands digit of 1061?
1
What is the ten thousands digit of 21307?
2
What is the ten thousands digit of 71077?
7
What is the units digit of 273?
3
What is the tens digit of 650?
5
What is the hundreds digit of 910?
9
What is the tens digit of 4820?
2
What is the hundreds digit of 43167?
1
What is the tens digit of 11406?
0
What is the hundreds digit of 2974?
9
What is the units digit of 9320?
0
What is the units digit of 8873?
3
What is the thousands digit of 6562?
6
What is the units digit of 1714?
4
What is the tens digit of 1526?
2
What is the thousands digit of 1184?
1
What is the tens digit of 1453?
5
